{"id":5,"date":"2011-07-14T19:45:29","date_gmt":"2011-07-14T19:45:29","guid":{"rendered":"http:\/\/garage.rollinmedia.com\/?page_id=5"},"modified":"2015-02-05T23:23:03","modified_gmt":"2015-02-05T23:23:03","slug":"about","status":"publish","type":"page","link":"https:\/\/garageconcept.com\/?page_id=5","title":{"rendered":"\u00c0 propos"},"content":{"rendered":"<p>[grid_8]<\/p>\n<h2>\u00c0 propos<\/h2>\n<p><a href=\"http:\/\/garage.rollinmedia.com\/wp-content\/uploads\/2011\/07\/garage_apropos.png\"><img loading=\"lazy\" decoding=\"async\" class=\"alignleft size-full wp-image-658\" alt=\"garage_apropos\" src=\"http:\/\/garage.rollinmedia.com\/wp-content\/uploads\/2011\/07\/garage_apropos.png\" width=\"319\" height=\"158\" srcset=\"https:\/\/garageconcept.com\/wp-content\/uploads\/2011\/07\/garage_apropos.png 319w, https:\/\/garageconcept.com\/wp-content\/uploads\/2011\/07\/garage_apropos-300x148.png 300w\" sizes=\"auto, (max-width: 319px) 100vw, 319px\" \/><\/a><\/p>\n<p>Garage Concept se sp\u00e9cialise en am\u00e9nagement de garages, tant au niveau du plancher que du rangement. Nous vous offrons des produits de rev\u00eatements \u00e9poxyde de haute r\u00e9sistance et des syst\u00e8mes de rangement et d\u2019accrochage de qualit\u00e9. Tous nos produits et services sont offerts avec une garantie de satisfaction \u00e0 100%. Et tout cela en tenant toujours compte de vos go\u00fbts et de vos besoins.<\/p>\n<p>[clear]<\/p>\n<ul>\n<li><a href=\"#\">Rev\u00eatements de planchers <\/a><\/li>\n<li><a href=\"#\">Cabinet de rangement<\/a><\/li>\n<li><a href=\"#\">Syst\u00e8mes d\u2019accrochage mural<\/a><\/li>\n<\/ul>\n<p>Avec plus de 25 ans d\u2019exp\u00e9rience dans l\u2019application de rev\u00eatements divers, notre \u00e9quipe saura r\u00e9pondre \u00e0 vos attentes les plus exigeantes. Que ce soit au niveau du plancher ou du rangement, nous nous assurerons de r\u00e9pondre \u00e0 tous vos besoins et de vous livrer un r\u00e9sultat final remarquable, avec une garantie de satisfaction \u00e0 la hauteur de vos attentes.<\/p>\n<p>Nous nous d\u00e9marquons de la concurrence par un choix de coloris tr\u00e8s vari\u00e9 et personnalis\u00e9. L\u2019application et le format des motifs peut \u00e9galement s\u2019adapter \u00e0 vos pr\u00e9f\u00e9rences, ce qui fait de Garage Concept l\u2019applicateur de choix pour un r\u00e9sultat unique et exclusif.<\/p>\n<p>[\/grid_8]<\/p>\n<p>[grid_4]<\/p>\n<h2>Une r\u00e9alisation en 4 \u00e9tapes pour un fini durable et remarquable :<\/h2>\n<p>[dropcap_left]1[\/dropcap_left]<\/p>\n<p><strong>Nettoyage<\/strong><br \/>\nLavage \u00e0 l\u2019acide du planch\u00e9 de b\u00e9ton avec une machine \u00e0 pression.<\/p>\n<p>[sm_hr]<\/p>\n<p>[dropcap_right]2[\/dropcap_right]<\/p>\n<p><strong>Pr\u00e9paration de la surface<\/strong><br \/>\nR\u00e9paration des fissures si n\u00e9cessaire et meulage du b\u00e9ton.<\/p>\n<p>[sm_hr]<\/p>\n<p>[dropcap_left]3[\/dropcap_left]<\/p>\n<p><strong>Protection <\/strong><br \/>\nRecouvrement des murs et des surfaces non peintes.<\/p>\n<p>[sm_hr]<\/p>\n<p>[dropcap_right]4[\/dropcap_right]<\/p>\n<p><strong>Finition<\/strong><br \/>\nApplication de deux couches protectrices d\u2019\u00e9poxyde avec gouttelettes granuleuses antid\u00e9rapantes.<\/p>\n<h2>Planchers 100% garantie<\/h2>\n<p>[\/grid_4]<\/p>\n<p>[clear]<\/p>\n<p>[spacer]<\/p>\n<p>[grid_12]<\/p>\n<h2>Notre \u00e9quipe d&rsquo;experts<\/h2>\n<p>[recent_posts num=\u00a0\u00bb6&Prime; type=\u00a0\u00bbteam\u00a0\u00bb post_format=\u00a0\u00bbstandard\u00a0\u00bb meta=\u00a0\u00bbfalse\u00a0\u00bb thumb=\u00a0\u00bbtrue\u00a0\u00bb thumb_width=\u00a0\u00bb140&Prime; thumb_height=\u00a0\u00bb158&Prime; custom_class=\u00a0\u00bbteam\u00a0\u00bb]<\/p>\n<p>[\/grid_12]<\/p>\n","protected":false},"excerpt":{"rendered":"<p>[grid_8] \u00c0 propos Garage Concept se sp\u00e9cialise en am\u00e9nagement de garages, tant au niveau du plancher que du rangement. Nous vous offrons des produits de rev\u00eatements \u00e9poxyde de haute r\u00e9sistance et des syst\u00e8mes de rangement et d\u2019accrochage de qualit\u00e9. Tous nos produits et services sont offerts avec une garantie de satisfaction \u00e0 100%. Et tout [&hellip;]<\/p>\n","protected":false},"author":1,"featured_media":0,"parent":0,"menu_order":1,"comment_status":"open","ping_status":"open","template":"page-fullwidth.php","meta":{"footnotes":""},"class_list":["post-5","page","type-page","status-publish","hentry"],"_links":{"self":[{"href":"https:\/\/garageconcept.com\/index.php?rest_route=\/wp\/v2\/pages\/5","targetHints":{"allow":["GET"]}}],"collection":[{"href":"https:\/\/garageconcept.com\/index.php?rest_route=\/wp\/v2\/pages"}],"about":[{"href":"https:\/\/garageconcept.com\/index.php?rest_route=\/wp\/v2\/types\/page"}],"author":[{"embeddable":true,"href":"https:\/\/garageconcept.com\/index.php?rest_route=\/wp\/v2\/users\/1"}],"replies":[{"embeddable":true,"href":"https:\/\/garageconcept.com\/index.php?rest_route=%2Fwp%2Fv2%2Fcomments&post=5"}],"version-history":[{"count":98,"href":"https:\/\/garageconcept.com\/index.php?rest_route=\/wp\/v2\/pages\/5\/revisions"}],"predecessor-version":[{"id":734,"href":"https:\/\/garageconcept.com\/index.php?rest_route=\/wp\/v2\/pages\/5\/revisions\/734"}],"wp:attachment":[{"href":"https:\/\/garageconcept.com\/index.php?rest_route=%2Fwp%2Fv2%2Fmedia&parent=5"}],"curies":[{"name":"wp","href":"https:\/\/api.w.org\/{rel}","templated":true}]}}